late the remainder when k is divided by d.
2
Calculate the remainder when ((3 - 1) + -1)/((-2)/(-174)) is divided by 20.
7
Let f(c) = 13*c**2 - 3 + 6 - 4. Calculate the remainder when 34 is divided by f(-1).
10
Suppose 0 = -2*m - t - 3*t - 8, -2*m = -4*t - 8. Let o(q) = q + 14 - 2*q - 4. Calculate the remainder when 28 is divided by o(m).
8
Let f be -6*(6/3)/(-4). Suppose -f*a + 2*i + 140 = 0, 3*i = 5*a + 6 - 241. Let m = 17 - 0. What is the remainder when a is divided by m?
16
Suppose -2*j + 114 = -146. What is the remainder when j is divided by 33?
31
Suppose -308 = -12*d - 2*d. What is the remainder when 35 is divided by d?
13
Suppose -3*v - 4*j = -20, 0 = -2*v - v + 3*j + 48. Calculate the remainder when v is divided by 3.
0
Let u = 177 - 171. What is the remainder when 11 is divided by u?
5
Let m = 11 - 5. Calculate the remainder when 12/(m/32*2) is divided by 17.
15
Suppose -16 = -g - 0*g. Calculate the remainder when g is divided by 9.
7
Suppose 45 = -3*a + 240. Suppose -4*j - j - 3*i + a = 0, -j + 2*i = 0. What is the remainder when 18 is divided by j?
8
Let s(z) be the third derivative of z**5/20 - 5*z**4/24 + 2*z**3/3 - 2*z**2. Suppose 97 + 89 = 6*t. Calculate the remainder when t is divided by s(3).
15
Let p(k) = k**2 - 4*k - 4. Let y be p(5). Suppose q + y = 3. Let j(a) = 6*a + 1. Calculate the remainder when 25 is divided by j(q).
12
Let w = -3 - -8. Let q be w/15 - 2/6. Suppose q*g + 90 = 3*g. What is the remainder when g is divided by 8?
6
Calculate the remainder when (-1 + 10 + -4)/1 is divided by 2.
1
Let s(c) = 3*c**2 - 3*c. Let m be s(5). Suppose 6*k - m = k. What is the remainder when k is divided by 7?
5
Suppose -4*y = -4*n + 292, -3*n + n - 3*y = -156. What is the remainder when n is divided by 19?
18
Let i be (-6)/(-27) + (-2004)/27. Suppose u - 2 = 1. Calculate the remainder when i/(-9) - 6/27 is divided by u.
2
Let o(q) = 39*q**2 + 3*q + 1. What is the remainder when o(-2) is divided by 38?
37
Let h = 51 - 36. Suppose 3*t = -0*t + 2*z, -5*z + h = 0. Calculate the remainder when 4 is divided by t.
0
Let d = -30 + 50. Suppose -7*l + d = -2*l. What is the remainder when 10 is divided by l?
2
What is the remainder when 4 is divided by 4/6 + 21/9?
1
Let r(f) = -f**2 + 12*f - 13. Let d be r(10). Calculate the remainder when 77 is divided by 184/d + (-4)/14.
25
Let c be 44/12 - 1/(-3). Suppose -c*u + 24 = 5*t - 5*u, 5*u - 5 = 0. Calculate the remainder when t is divided by 2.
1
Calculate the remainder when (-39)/26 - (-166)/4 is divided by 11.
7
Suppose 4*n - 24 = 2*n. What is the remainder when 816/(-84)*14/(-4) is divided by n?
10
Calculate the remainder when (-687)/(-21) - 4*4/(-56) is divided by 20.
13
Let n(l) = -l**2 + 23*l - 76. Let s(h) = -h**3 + 5*h**2 + 4*h - 3. Let z be s(4). Suppose z + 21 = i. What is the remainder when i is divided by n(6)?
24
Let n = -252 - -354. Calculate the remainder when n is divided by 26.
24
Let j be (3/4)/(4/16). Suppose -j*p = 7 - 46. Calculate the remainder when 37 is divided by p.
11
Let w = 178 + -166. Calculate the remainder when (-2)/(-5) - (-206)/10 is divided by w.
9
Let g = -7 - -24. Let q be (-18)/(-2) - (0 + 4). Suppose 2*w + 8 = 2*t, t + 4*t = -q*w + 30. Calculate the remainder when g is divided by t.
2
Let a be ((-1)/(-3))/((-8)/(-24)). What is the remainder when 48 is divided by 1/(-4)*-68*a?
14
Suppose -4*f = -3*f - 23. Let t(k) = 2 - 7*k**2 - 3*k + 3*k - 6*k - k**3. What is the remainder when t(-7) is divided by f?
21
Let x be 0/(-3 + 2)*1. Let f(z) = z**2 + z + 2. Calculate the remainder when f(x) is divided by 2.
0
Suppose -i - 2*i - 15 = 0, -5*y + 3*i = -295. Calculate the remainder when y is divided by 15.
11
Let p = 2 + -3. Let b be p*(3 - 2) + 31. Suppose -5*j + b = 5*a, 4*a = -3*j - 0*a + 21. What is the remainder when 7 is divided by j?
1
Let b = 25 + 17. Suppose 2*h - b = -3*a - 3*h, 2*a + 2*h - 24 = 0. Let u = -1 + a. What is the remainder when 15 is divided by u?
7
Suppose -2*y - 116 = -6*y. What is the remainder when y is divided by 16?
13
Let v(o) = -3*o + 5*o + 4 + 0*o**2 - o**2. Let d be v(3). Calculate the remainder when 1/d*(15 + 4) is divided by 10.
9
Let x = 13 - 11. Suppose -5*q + x*r - 1 = -31, 0 = q + 3*r - 6. Let i = 17 + q. Calculate the remainder when i is divided by 8.
7
Suppose b = 8 - 1. Suppose 4*g = 7*g - 9. What is the remainder when b is divided by g?
1
Suppose 4*w - w = -6. Let y be (w/(-4))/(-1)*-2. Let h = y + 0. Calculate the remainder when 2 is divided by h.
0
What is the remainder when 0/7 + 1 + 48 is divided by 10?
9
Let i = 0 + 5. What is the remainder when 48 is divided by (2/i)/((-2)/(-50))?
8
Let z be 156*(-4 - -2)/(-4). Suppose -5*u = 8 - z. Calculate the remainder when 41 is divided by u.
13
Let h be 21/(-14)*4/(-2). Suppose w - a = a + 59, 132 = h*w + 3*a. Calculate the remainder when w is divided by 2/((-27)/(-25) - 1).
24
What is the remainder when 3 is divided by (-1 + 2)*(1 + 0)?
0
Let i = 85 + -45. Calculate the remainder when i is divided by 11.
7
Suppose 20 = 3*u - 3*c - c, -c - 5 = 0. Suppose s - 2*s + 16 = u. Suppose 3*j - s = -j. Calculate the remainder when 10 is divided by j.
2
Suppose 2*l - 15 = -3*l. Suppose 5 = -5*v - 5. What is the remainder when 2 is divided by v*-2*l/12?
0
Let z(r) = r**2 + 2*r + 3. Let n = -19 + 43. What is the remainder when ((-5)/2)/((-3)/n) is divided by z(-4)?
9
Let r = 13 + -15. Let l = r + 7. Suppose 70 = j + 4*j. What is the remainder when j is divided by l?
4
Let f(c) = c**3 + c**2 + 46. Let v(y) = 4*y**2 + y - 2. Calculate the remainder when f(0) is divided by v(2).
14
Let c = 7 - 5. Suppose -10 = 3*l - 4*i, 2*l + i = -c*l + 12. Suppose 1 = -k + 2*a, 0 = 2*k + 2*k - l*a - 20. Calculate the remainder when 26 is divided by k.
5
Let z(p) = 2*p**2 + 16*p + 15. What is the remainder when 3 is divided by z(-7)?
0
Suppose -4*d = -v - 39, 3*d + 2*v + 38 = 7*d. Let a(t) = -8*t - 2. What is the remainder when d is divided by a(-1)?
4
Let j = 0 + 3. Suppose 18 = -4*t - 0*t - j*b, 17 = -3*t - 4*b. Let v = 2 - t. Calculate the remainder when 13 is divided by v.
3
Calculate the remainder when 49 is divided by 16 + (0 - (-4 + 7)).
10
Calculate the remainder when (10*5 - 3) + -3 is divided by 15.
14
Let p(n) = 9*n**2 - 3*n + 1. Calculate the remainder when p(2) is divided by 12 + 6 + 4 + -6.
15
Let n(f) = f**3 + 5*f**2 + 5*f + 3. Let a be -1 + 6/((-4)/2). Let x be n(a). Calculate the remainder when ((-1)/(-2))/(x/(-26)) is divided by 5.
3
Let g(f) = 6 - 3 + 41*f - 31*f + 59*f. Let b be g(-2). Calculate the remainder when 34 is divided by ((-2)/(-3))/((-10)/b).
7
Let z(r) be the first derivative of -r**4/4 - r**3/3 + r**2/2 + 5*r - 1. What is the remainder when (-36)/6 + 5 + 9 is divided by z(0)?
3
Let g(d) = 2*d**3 + 2*d**2 + 7*d - 2. Let p(i) = 4*i**3 + 5*i**2 + 13*i - 3. Let v(n) = 5*g(n) - 3*p(n). Calculate the remainder when v(-3) is divided by 7.
6
Let x = 0 + 1. Suppose 0 = p - 5*p + 20. Calculate the remainder when 4/(-2) + p + -1 is divided by x.
0
Suppose -25 = 3*y - 85. Let h(b) = -b**3 - 4*b**2 + 5*b - 4. Calculate the remainder when h(-6) is divided by y.
18
Let a be 18/(-4)*30/(-9). Suppose 2*u = -a + 167. What is the remainder when u is divided by 26?
24
Let d be 39/15 - 6/10. Suppose -q - 2*l = 2*l - d, 5*q - 3*l - 79 = 0. Calculate the remainder when 27 is divided by q.
13
What is the remainder when 146 is divided by 37/(-2)*(-4 + 2)?
35
Let w = -16 - -38. What is the remainder when (-193)/(-3) - 10/(-15) is divided by w?
21
Let r be (-1)/((15/(-12))/5). Suppose z - r*h = 16, -2*z + 32 = 3*z - 4*h. Let u = -4 - -11. Calculate the remainder when u is divided by z.
3
Let c = -118 - -153. What is the remainder when 242 is divided by c?
32
Let h = -8 - -31. Suppose 0 = 3*n + 9 - 27. Calculate the remainder when h is divided by n.
5
Suppose 8 + 21 = 2*r + 3*d, -r + d + 12 = 0. Calculate the remainder when 48 is divided by r.
9
Let v(a) = a**3 + 6*a**2 + 6*a + 4. Let i be v(-5). Let o(b) = 8*b**2. Calculate the remainder when o(i) is divided by (-3)/(-6) - 9/(-2).
3
Let z = 17 - 14. Calculate the remainder when 9 is divided by z.
0
Suppose 0 = 5*v - 5*s + 15, -v = 2*v + 3*s - 21. Suppose v*a - 23 = a. What is the remainder when a is divided by 13?
10
Let o = -9 - -15. Let s(u) = 3*u*